to base 6.
1253040
Convert 732e7 (base 16) to base 15.
94bc3
2433214 (base 7) to base 4
1023321103
-1042434221 (base 5) to base 12
-935a2b
What is -98718b (base 14) in base 2?
-10011101101100010100111
Convert -31554520 (base 9) to base 13.
-31c7b38
-301c8 (base 13) to base 10
-86016
-1215142 (base 7) to base 8
-457502
What is 119892 (base 10) in base 5?
12314032
725a7 (base 15) to base 10
362407
Convert 303132100 (base 4) to base 11.
134446
543164 (base 7) to base 16
1722b
What is 11012202120 (base 3) in base 16?
143f4
Convert -14066518 (base 10) to base 8.
-65521526
47788 (base 10) to base 6
1005124
What is 2113324 (base 8) in base 3?
1001121011011
1223022 (base 5) to base 11
16735
Convert 1220201 (base 3) to base 15.
631
Convert -330032220 (base 5) to base 6.
-50104311
What is 9091 (base 10) in base 13?
41a4
What is 2c3e1 (base 15) in base 13?
4cc00
Convert -2172573 (base 8) to base 7.
-4663516
-cb6237 (base 14) to base 7
-112410200
What is -1112321222 (base 4) in base 9?
-602235
-16555438 (base 9) to base 14
-1162193
Convert -e17d2 (base 16) to base 11.
-580a09
What is 3b0815 (base 12) in base 2?
11101110001110010001
-44391 (base 11) to base 7
-355420
Convert 3ca84 (base 15) to base 12.
94851
What is -4deba (base 16) in base 7?
-2466334
Convert -12320403 (base 5) to base 3.
-20002202021
10458167 (base 9) to base 6
300224224
-1339173 (base 10) to base 13
-37b714
Convert -1100000100111111 (base 2) to base 5.
-3040341
What is d5b58 (base 15) in base 7?
5521250
-2123020103 (base 4) to base 6
-21341415
1486b (base 15) to base 9
110512
Convert -211201111210 (base 3) to base 5.
-103302444
Convert 25086 (base 11) to base 15.
aa21
Convert -33543631 (base 7) to base 13.
-7b2578
What is 6b593 (base 12) in base 8?
431577
14532222 (base 7) to base 14
281249
-31112 (base 5) to base 6
-13224
What is 3514442 (base 6) in base 5?
21244203
1538326 (base 14) to base 3
201111011102021
56250726 (base 8) to base 16
b951d6
-11111100100011 (base 2) to base 10
-16163
What is 5148d (base 16) in base 6?
11045221
745201 (base 10) to base 5
142321301
What is -12200012 (base 3) in base 16?
-1028
-43431002 (base 5) to base 15
-75ba2
Convert -1001100000010101000000 (base 2) to base 10.
-2491712
Convert 33c77 (base 13) to base 12.
46768
What is -a59e87 (base 15) in base 7?
-123661204
c23229 (base 13) to base 5
2124111402
What is -ae83b (base 16) in base 15?
-e1be1
What is 222103302302 (base 4) in base 6?
1033415442
What is -2439629 (base 10) in base 14?
-477113
What is -100120220220220 (base 3) in base 6?
-301122210
-1136576 (base 9) to base 10
-615021
Convert -60a39b (base 13) to base 8.
-10453173
-451235000 (base 6) to base 8
-37162750
-22001220020 (base 3) to base 15
-320ec
Convert 2010111312 (base 4) to base 14.
101794
Convert -67984 (base 11) to base 6.
-2035144
Convert -258582 (base 11) to base 16.
-6347a
Convert -6b173 (base 13) to base 6.
-4110244
What is -2659b2 (base 14) in base 13?
-373829
Convert 4472 (base 11) to base 15.
1b27
What is -110010110100001111 (base 2) in base 11?
-132421
111001000101000001101 (base 2) to base 6
104031005
15614401 (base 9) to base 14
107219c
Convert 1100001111011111001 (base 2) to base 9.
671236
What is 106c7f (base 16) in base 8?
4066177
13030103 (base 5) to base 4
132332313
What is 1a73ad (base 15) in base 14?
258212
Convert 88561 (base 9) to base 6.
1132044
Convert -130300321 (base 4) to base 10.
-117817
-3bc3d0 (base 14) to base 7
-23410150
Convert -2c3542 (base 15) to base 6.
-113452042
56981 (base 13) to base 11
a8465
What is -ed7c (base 16) in base 7?
-342151
What is -3276232 (base 9) in base 11?
-aa4559
Convert -103679 (base 11) to base 2.
-101000011111100000
What is 111000111001110011 (base 2) in base 6?
4555015
What is -1100001100000011110 (base 2) in base 13?
-10ca34
2a869 (base 11) to base 2
1010101001110011
Convert -137676 (base 9) to base 15.
-1a010
What is -42202202 (base 7) in base 13?
-97a1cb
Convert -267045 (base 9) to base 12.
-7a128
What is -25445 (base 9) in base 16?
-42ec
Convert 146a1 (base 14) to base 5.
3110314
-1110110100000000101011 (base 2) to base 6
-215121031
What is -1122002101120 (base 3) in base 13?
-244cb6
Convert 94c59 (base 14) to base 11.
225921
What is -1430ab1 (base 12) in base 15?
-54d82d
What is 3010232132 (base 4) in base 5?
201241130
Convert -32142302 (base 5) to base 16.
-424d9
Convert -1a77a0 (base 11) to base 10.
-317735
What is 56011525 (base 8) in base 3?
211200220010000
What is -206b7a5 (base 14) in base 3?
-1001211101211102
-159341 (base 11) to base 10
-246643
Convert -32221111001 (base 4) to base 9.
-7201465
What is -23c37 (base 16) in base 12?
-70933
What is -1101022120221 (base 3) in base 14?
-151989
Convert 131303321 (base 4) to base 8.
356371
What is -10201525 (base 6) in base 7?
-2341454
What is -3bfc1 (base 16) in base 6?
-5133253
What is -2ba306 (base 15) in base 10?
-2110056
-100110100110111110 (base 2) to base 12
-77626
-252492 (base 11) to base 5
-100223204
11320012013 (base 4) to base 13
41c240
What is 15555365 (base 8) in base 10?
3594997
Convert -50a40a (base 11) to base 9.
-1477475
What is -213644231 (base 7) in base 16?
-c3966e
13445040 (base 6) to base 2
1101111101001010000
What is 764a63 (base 11) in base 8?
4522256
10c4584 (base 13) to base 5
2311214112
-111220331 (base 4) to base 6
-1522205
-232131412 (base 5) to base 11
-659511
What is 5013034 (base 6) in base 12?
b417a
What is 231211 (base 7) in base 2?
1010000100110010
-111011010001101000 (base 2) to base 13
-86684
What is -14303344 (base 6) in base 8?
-1676260
Convert 2267599 (base 11) to base 16.
3c78dc
-6302561 (base 7) to base 14
-159da1
What is 102073167 (base 8) in base 4?
1002013121313
Convert 2030004 (base 5) to base 6.
413213
Convert -23010333021 (base 4) to base 10.
-2904009
Convert 14242111 (base 5) to base 10.
149656
What is -1011100100001001011 (base 2) in base 5?
-44111310
Convert -8ac6d8 (base 16) to base 8.
-42543330
429268 (base 10) to base 15
872cd
-3221002112 (base 4) to base 13
-275606
What is 2440422 (base 5) in base 6?
554350
-32461683 (base 9) to base 6
-1320132333
12d417 (base 15) to base 3
1201000000011
Convert -726404 (base 9) to base 16.
-6943f
1201011100002 (base 3) to base 15
12e31e
What is 2100120112 (base 4) in base 5?
122411012
Convert 255315 (base 6) to base 4.
11222333
2300773 (base 10) to base 2
1000110001101101100101
Convert -1b2b1 (base 12) to base 16.
-9ce5
What is 186107 (base 15) in base 3?
2020012022121
Convert 1360d2 (base 14) to base 2.
10100011100000011000
-3000166 (base 10) to base 7
-34333561
What is -1412104 (base 5) in base 3?
-1110211011
131532120 (base 7) to base 13
1998ba6
-4223202 (base 9) to base 4
-20213212013
12101211200 (base 3) to base 4
121331031
Convert 16415602 (base 7) to base 16.
186e35
What is 23187a2 (base 11) in base 9?
7556013
What is 2b69d (base 15) in base 3?
21002212111
Convert -1a062 (base 12) to base 10.
-38090
Convert -36500736 (base 8) to base 12.
-2832252
What is -a62077 (base 12) in base 11?
-152771a
441153500 (base 6) to base 5
4010244243
-dea4 (base 16) to base 4
-31322210
-450331 (base 7) to base 8
-233052
Convert 2a519a0 (base 11) to base 12.
1902307
Convert 1123336 (base 11) to base 6.
110051105
What is 112034121 (base 5) in base 10?
502411
Convert -196747 (base 13) to base 10.
-642766
20013125 (base 6) to base 10
561869
-2002112021201 (base 3) to base 11
-69aa61
Convert -8037ca (base 14) to base 3.
-22010002110120
What is 2032071 (base 8) in base 11?
337a4a
Convert -2a976 (base 15) to base 11.
-9403a
432102142 (base 5) to base 7
21365534
2120211 (base 4) to base 6
113113
What is -1089702 (base 10) in base 9?
-2040710
-1354642 (base 9) to base 15
-eaa58
110111110111001100110 (base 2) to base 7
21362512
What is -c4bb (base 14) in base 13?
-1255c
What is 234531214 (base 6) in base 12?
1596b0a
Convert 29435a (base 12) to base 15.
d9e37
-11211210112020 (base 3) to base 10
-2574483
Convert a0175 (base 16) to base 11.
408731
-5792067 (base 10) to base 5
-2440321232
Convert 1001101001010001 (base 2) to base 8.
115121
What is 100011100100111111100 (base 2) in base 14?
224c0c
Convert 10011403420 (base 5) to base 9.
20516288
Convert 1407c0 (base 14) to base 13.
1b359b
What is 10124001 (base 5) in base 10?
83001
Convert -48181 (base 9) to 